30422 (base 5) in base 2?
10000000101101
Convert -1001022 (base 3) to base 9.
-1038
Convert -575 (base 10) to base 9.
-708
What is 275 (base 15) in base 7?
1430
-11945 (base 11) to base 8
-41326
Convert -513334 (base 6) to base 15.
-c204
Convert -44341 (base 6) to base 11.
-470a
Convert -9c8 (base 15) to base 4.
-202211
Convert -43 (base 6) to base 5.
-102
What is 2002 (base 6) in base 11?
365
Convert -36556 (base 7) to base 8.
-22513
Convert 159 (base 11) to base 10.
185
What is 20425 (base 7) in base 2?
1001110011001
Convert -134 (base 16) to base 4.
-10310
1ad0 (base 16) to base 5
204424
16064 (base 9) to base 16
2af1
What is 21022021 (base 3) in base 8?
12316
-111101 (base 3) to base 4
-11221
Convert -78c4 (base 13) to base 9.
-25147
Convert -167 (base 15) to base 5.
-2242
Convert -139c9 (base 13) to base 9.
-55471
What is -10430 (base 7) in base 11?
-1a70
What is -551 (base 8) in base 12?
-261
What is 677 (base 8) in base 16?
1bf
Convert 5471 (base 10) to base 7.
21644
What is -166124 (base 7) in base 5?
-2031323
Convert 221 (base 11) to base 12.
1a1
What is -438 (base 9) in base 12?
-25b
Convert -1220 (base 7) to base 10.
-455
Convert -140410 (base 7) to base 6.
-323114
1210020 (base 3) to base 14
690
What is -2005 (base 9) in base 15?
-678
What is 1200201 (base 4) in base 9?
8423
What is -362 (base 16) in base 10?
-866
-2152 (base 6) to base 8
-764
671 (base 16) to base 4
121301
What is -1221112 (base 3) in base 5?
-21133
-1122 (base 9) to base 2
-1100111110
-5266 (base 7) to base 12
-10b1
Convert 113030 (base 6) to base 12.
5776
Convert -56ac (base 13) to base 7.
-50253
3321 (base 4) to base 3
100020
What is -121105 (base 6) in base 5?
-320000
Convert 1000000100010 (base 2) to base 8.
10042
What is 12010012 (base 4) in base 12?
1245a
What is -10000011000 (base 2) in base 13?
-628
Convert 171a8 (base 11) to base 6.
304005
What is -10001010 (base 2) in base 13?
-a8
Convert 1f04 (base 16) to base 13.
37ca
What is -45 (base 11) in base 15?
-34
13431 (base 5) to base 10
1116
What is 1102221 (base 3) in base 13?
62b
1366 (base 10) to base 3
1212121
Convert -391 (base 15) to base 9.
-1101
Convert 7d (base 15) to base 4.
1312
Convert 122212 (base 3) to base 8.
742
What is 5049 (base 13) in base 4?
2230212
Convert 242223 (base 5) to base 9.
13380
-15 (base 9) to base 2
-1110
What is 456 (base 11) in base 12?
395
Convert 1e5 (base 15) to base 7.
1166
Convert 33022 (base 5) to base 14.
b78
38d (base 16) to base 12
639
What is 295 (base 16) in base 5?
10121
What is 6dd (base 14) in base 9?
1783
Convert 251 (base 10) to base 11.
209
What is 11011111110010 (base 2) in base 10?
14322
Convert c75 (base 15) to base 3.
10212002
Convert -11523 (base 7) to base 15.
-d56
-1044410 (base 5) to base 9
-27621
Convert -700 (base 11) to base 6.
-3531
Convert 1001110001000 (base 2) to base 16.
1388
727 (base 8) to base 5
3341
What is 3b69 (base 14) in base 9?
15335
Convert -25246 (base 9) to base 7.
-100323
Convert 2a2b (base 13) to base 6.
44201
Convert 722 (base 15) to base 13.
968
What is -69db (base 15) in base 3?
-1010211122
Convert -1a18 (base 14) to base 2.
-1001001110110
Convert -132021 (base 5) to base 16.
-148d
What is 111101100011 (base 2) in base 9?
5356
Convert 40332 (base 7) to base 14.
37c2
What is -171 (base 9) in base 2?
-10010001
2131201 (base 5) to base 6
440350
-228a (base 15) to base 5
-213310
-20121020 (base 3) to base 6
-34140
Convert -12251 (base 6) to base 5.
-24311
What is 772 (base 12) in base 3?
1111112
-25225 (base 6) to base 3
-12011022
-2506 (base 8) to base 13
-7cb
10612 (base 11) to base 6
155112
What is -291 (base 10) in base 12?
-203
What is -1522 (base 7) in base 15?
-2a4
Convert -111201 (base 3) to base 11.
-307
What is -4605 (base 7) in base 10?
-1671
-570 (base 11) to base 9
-837
Convert -41b (base 15) to base 2.
-1110011110
124143 (base 6) to base 7
44634
-846a (base 11) to base 9
-16333
21023 (base 4) to base 3
210202
What is -335 (base 11) in base 4?
-12101
4bb (base 13) to base 14
434
Convert -6e (base 16) to base 5.
-420
What is 10222 (base 3) in base 11?
98
Convert 410 (base 9) to base 11.
283
Convert 12211 (base 5) to base 4.
32203
Convert -31233 (base 4) to base 13.
-528
225 (base 12) to base 4
10331
-22234 (base 6) to base 15
-dcd
164 (base 14) to base 13
18b
Convert 100001110101100 (base 2) to base 3.
212202122
110200 (base 6) to base 10
9144
Convert -213b (base 12) to base 9.
-5002
-210201 (base 3) to base 12
-40a
-18a66 (base 11) to base 5
-1322241
What is -8559 (base 11) in base 3?
-120112011
655 (base 13) to base 7
3106
Convert -1221000 (base 4) to base 13.
-309c
What is 692 (base 10) in base 4?
22310
What is -12002 (base 4) in base 3?
-112022
-220 (base 12) to base 5
-2222
What is -665 (base 10) in base 11?
-555
6a0 (base 14) to base 13
7a3
-100110120 (base 3) to base 7
-26055
Convert -418 (base 10) to base 16.
-1a2
-19875 (base 10) to base 3
-1000021010
1111 (base 2) to base 8
17
176 (base 11) to base 13
129
What is -2052 (base 6) in base 14?
-252
101011111001110 (base 2) to base 15
69d8
Convert -410 (base 5) to base 8.
-151
What is -768 (base 14) in base 10?
-1464
Convert -1000110111 (base 2) to base 15.
-27c
What is 4095 (base 10) in base 16?
fff
-976 (base 15) to base 16
-858
What is -36d (base 14) in base 9?
-841
41072 (base 9) to base 16
699e
What is -1ce1 (base 15) in base 8?
-14216
-320313 (base 4) to base 7
-13416
What is -100220000 (base 3) in base 10?
-7209
-15520 (base 6) to base 15
-b63
102102202 (base 3) to base 6
102332
6c5e (base 15) to base 3
1011121022
What is 100011101001 (base 2) in base 9?
3114
-146331 (base 7) to base 10
-28638
-3405 (base 9) to base 4
-213110
What is -1673 (base 9) in base 15?
-5a6
19 (base 13) to base 2
10110
What is -14010 (base 7) in base 8?
-7304
10046 (base 7) to base 8
4603
-4127 (base 12) to base 5
-211322
-4f5 (base 16) to base 5
-20034
Convert -cc86 (base 15) to base 13.
-1694a
Convert 2423320 (base 5) to base 8.
130624
What is -1107 (base 8) in base 10?
-583
Convert -1ed6 (base 16) to base 12.
-469a
What is -1021113 (base 5) in base 3?
-212100212
351 (base 9) to base 2
100100001
Convert 3211121 (base 4) to base 12.
85b5
Convert -348 (base 15) to base 5.
-10433
Convert -4828 (base 9) to base 6.
-24342
-1150 (base 10) to base 9
-1517
-5ba5 (base 12) to base 16
-286d
What is 110110101 (base 2) in base 11?
368
What is -15140 (base 7) in base 16?
-1061
-79 (base 11) to base 12
-72
What is -945 (base 14) in base 8?
-3441
-403113 (base 6) to base 10
-31797
261 (base 12) to base 3
111101
Convert -1678 (base 10) to base 16.
-68e
2d29 (base 14) to base 16
1f89
What is -111430 (base 7) in base 5?
-1113033
What is 1096 (base 12) in base 14?
958
279 (base 16) to base 14
333
What is 10270 (base 16) in base 7?
363613
Convert -306415 (base 7) to base 3.
-2200021101
-320130 (base 4) to base 15
-110c
What is -e56 (base 15) in base 6?
-22543
What is 233021 (base 4) in base 6?
21545
1222211 (base 3) to base 6
10421
Convert -212130 (base 4) to base 11.
-1937
-394 (base 11) to base 4
-13102
-1a27 (base 12) to base 2
-110001111111
40030 (base 6) to base 5
131302
Convert cf0 (base 16) to base 7.
12441
What is 3126 (base 7) in base 12?
776
-1042321 (base 5) to base 7
-104552
-2142014 (base 5) to base 6
-443530
443 (base 11) to base 3
201200
Convert 127746 (base 9) to base 3.
10221211120
-42452 (base 6) to base 2
-1011010100000
What is 100011110111111 (base 2) in base 10?
18367
-3ea (base 16) to base 7
-2631
-2132 (base 13) to base 9
-6275
What is 17 (base 16) in base 10?
23
Convert 844 (base 14) to base 4.
121130
Convert -100010011100010 (base 2) to base 10.
-17634
-1130214 (base 6) to base 15
-12487
Convert 31003 (base 6) to base 14.
16d5
3123322 (base 4) to base 9
21267
What is 41b (base 15) in base 8?
1636
What is -400b (base 12) in base 4?
-1230023
What is -511 (base 12) in base 2?
-1011011101
Convert -2ab (base 12) to base 2.
-110100011
Convert -4ac (base 16) to base 4.
-102230
Convert 44f (base 16) to base 5.
13403
What is 123030 (base 6) in base 14?
4042
4bc8 (base 15) to base 16
3f23
Convert 70e (base 16) to base 11.
13a2
Convert -811 (base 9) to base 13.
-3b8
What is -574b (base 15) in base 3?
-221101222
Convert 348 (base 11) to base 16.
19f
Convert -56225 (base 7) to bas